{"id":413,"date":"2024-08-05T08:19:22","date_gmt":"2024-08-05T08:19:22","guid":{"rendered":"https:\/\/www.koenigliches-forsthaus.de\/?page_id=413"},"modified":"2024-08-05T08:19:22","modified_gmt":"2024-08-05T08:19:22","slug":"datenschutz","status":"publish","type":"page","link":"https:\/\/www.koenigliches-forsthaus.de\/?page_id=413","title":{"rendered":"Datenschutz"},"content":{"rendered":"<p>[et_pb_section fb_built=&#8220;1&#8243; _builder_version=&#8220;4.27.0&#8243; _module_preset=&#8220;default&#8220; background_image=&#8220;https:\/\/www.koenigliches-forsthaus.de\/wp-content\/uploads\/2024\/08\/terrasse_headerbanner.jpg&#8220; global_colors_info=&#8220;{}&#8220; theme_builder_area=&#8220;post_content&#8220;][\/et_pb_section][et_pb_section fb_built=&#8220;1&#8243; _builder_version=&#8220;4.27.0&#8243; _module_preset=&#8220;default&#8220; global_colors_info=&#8220;{}&#8220; theme_builder_area=&#8220;post_content&#8220;][et_pb_row _builder_version=&#8220;4.27.0&#8243; _module_preset=&#8220;default&#8220; global_colors_info=&#8220;{}&#8220; theme_builder_area=&#8220;post_content&#8220;][et_pb_column type=&#8220;4_4&#8243; _builder_version=&#8220;4.27.0&#8243; _module_preset=&#8220;default&#8220; global_colors_info=&#8220;{}&#8220; theme_builder_area=&#8220;post_content&#8220;][et_pb_text _builder_version=&#8220;4.27.0&#8243; _module_preset=&#8220;default&#8220; hover_enabled=&#8220;0&#8243; global_colors_info=&#8220;{}&#8220; theme_builder_area=&#8220;post_content&#8220; sticky_enabled=&#8220;0&#8243;]<\/p>\n<b>INFO:<\/b> Bitte speichern Sie die Einstellungen im Backend unter \"DSGVO AIO\" um den Text der Datenschutzbedingungen hier auszugeben.\n<p>[\/et_pb_text][\/et_pb_column][\/et_pb_row][\/et_pb_section]<\/p>\n","protected":false},"excerpt":{"rendered":"<b>INFO:<\/b> Bitte speichern Sie die Einstellungen im Backend unter \"DSGVO AIO\" um den Text der Datenschutzbedingungen hier auszugeben.\n","protected":false},"author":1,"featured_media":0,"parent":0,"menu_order":0,"comment_status":"closed","ping_status":"closed","template":"","meta":{"_et_pb_use_builder":"on","_et_pb_old_content":"","_et_gb_content_width":"","footnotes":""},"class_list":["post-413","page","type-page","status-publish","hentry"],"yoast_head":"<!-- This site is optimized with the Yoast SEO plugin v26.3 - https:\/\/yoast.com\/wordpress\/plugins\/seo\/ -->\n<title>Datenschutz - K\u00f6nigliches Forsthaus<\/title>\n<meta name=\"robots\" content=\"noindex, follow, max-snippet:-1, max-image-preview:large, max-video-preview:-1\" \/>\n<meta property=\"og:locale\" content=\"de_DE\" \/>\n<meta property=\"og:type\" content=\"article\" \/>\n<meta property=\"og:title\" content=\"Datenschutz - K\u00f6nigliches Forsthaus\" \/>\n<meta property=\"og:url\" content=\"https:\/\/www.koenigliches-forsthaus.de\/?page_id=413\" \/>\n<meta property=\"og:site_name\" content=\"K\u00f6nigliches Forsthaus\" \/>\n<meta property=\"article:publisher\" content=\"https:\/\/www.facebook.com\/p\/Hotel-zum-ehem-Kniglich-bayr-Forsthaus-100057191930624\/\" \/>\n<meta name=\"twitter:card\" content=\"summary_large_image\" \/>\n<meta name=\"twitter:description\" content=\"[dsgvo_policy]\" \/>\n<meta name=\"twitter:label1\" content=\"Gesch\u00e4tzte Lesezeit\" \/>\n\t<meta name=\"twitter:data1\" content=\"1\u00a0Minute\" \/>\n<script type=\"application\/ld+json\" class=\"yoast-schema-graph\">{\"@context\":\"https:\/\/schema.org\",\"@graph\":[{\"@type\":\"WebPage\",\"@id\":\"https:\/\/www.koenigliches-forsthaus.de\/?page_id=413\",\"url\":\"https:\/\/www.koenigliches-forsthaus.de\/?page_id=413\",\"name\":\"Datenschutz - K\u00f6nigliches Forsthaus\",\"isPartOf\":{\"@id\":\"https:\/\/www.koenigliches-forsthaus.de\/#website\"},\"datePublished\":\"2024-08-05T08:19:22+00:00\",\"breadcrumb\":{\"@id\":\"https:\/\/www.koenigliches-forsthaus.de\/?page_id=413#breadcrumb\"},\"inLanguage\":\"de\",\"potentialAction\":[{\"@type\":\"ReadAction\",\"target\":[\"https:\/\/www.koenigliches-forsthaus.de\/?page_id=413\"]}]},{\"@type\":\"BreadcrumbList\",\"@id\":\"https:\/\/www.koenigliches-forsthaus.de\/?page_id=413#breadcrumb\",\"itemListElement\":[{\"@type\":\"ListItem\",\"position\":1,\"name\":\"Startseite\",\"item\":\"https:\/\/www.koenigliches-forsthaus.de\/\"},{\"@type\":\"ListItem\",\"position\":2,\"name\":\"Datenschutz\"}]},{\"@type\":\"WebSite\",\"@id\":\"https:\/\/www.koenigliches-forsthaus.de\/#website\",\"url\":\"https:\/\/www.koenigliches-forsthaus.de\/\",\"name\":\"K\u00f6nigliches Forsthaus\",\"description\":\"Das Hotel zum ehem. K\u00f6niglich-Bayerischen Forsthaus liegt direkt an der ber\u00fchmten Basilika in Waldsassen im wundersch\u00f6nen Oberpfalz.\",\"publisher\":{\"@id\":\"https:\/\/www.koenigliches-forsthaus.de\/#organization\"},\"potentialAction\":[{\"@type\":\"SearchAction\",\"target\":{\"@type\":\"EntryPoint\",\"urlTemplate\":\"https:\/\/www.koenigliches-forsthaus.de\/?s={search_term_string}\"},\"query-input\":{\"@type\":\"PropertyValueSpecification\",\"valueRequired\":true,\"valueName\":\"search_term_string\"}}],\"inLanguage\":\"de\"},{\"@type\":\"Organization\",\"@id\":\"https:\/\/www.koenigliches-forsthaus.de\/#organization\",\"name\":\"K\u00f6nigliches Forsthaus\",\"url\":\"https:\/\/www.koenigliches-forsthaus.de\/\",\"logo\":{\"@type\":\"ImageObject\",\"inLanguage\":\"de\",\"@id\":\"https:\/\/www.koenigliches-forsthaus.de\/#\/schema\/logo\/image\/\",\"url\":\"https:\/\/www.koenigliches-forsthaus.de\/wp-content\/uploads\/2024\/08\/favicon.png\",\"contentUrl\":\"https:\/\/www.koenigliches-forsthaus.de\/wp-content\/uploads\/2024\/08\/favicon.png\",\"width\":512,\"height\":512,\"caption\":\"K\u00f6nigliches Forsthaus\"},\"image\":{\"@id\":\"https:\/\/www.koenigliches-forsthaus.de\/#\/schema\/logo\/image\/\"},\"sameAs\":[\"https:\/\/www.facebook.com\/p\/Hotel-zum-ehem-Kniglich-bayr-Forsthaus-100057191930624\/\"]}]}<\/script>\n<!-- \/ Yoast SEO plugin. -->","yoast_head_json":{"title":"Datenschutz - K\u00f6nigliches Forsthaus","robots":{"index":"noindex","follow":"follow","max-snippet":"max-snippet:-1","max-image-preview":"max-image-preview:large","max-video-preview":"max-video-preview:-1"},"og_locale":"de_DE","og_type":"article","og_title":"Datenschutz - K\u00f6nigliches Forsthaus","og_url":"https:\/\/www.koenigliches-forsthaus.de\/?page_id=413","og_site_name":"K\u00f6nigliches Forsthaus","article_publisher":"https:\/\/www.facebook.com\/p\/Hotel-zum-ehem-Kniglich-bayr-Forsthaus-100057191930624\/","twitter_card":"summary_large_image","twitter_description":"[dsgvo_policy]","twitter_misc":{"Gesch\u00e4tzte Lesezeit":"1\u00a0Minute"},"schema":{"@context":"https:\/\/schema.org","@graph":[{"@type":"WebPage","@id":"https:\/\/www.koenigliches-forsthaus.de\/?page_id=413","url":"https:\/\/www.koenigliches-forsthaus.de\/?page_id=413","name":"Datenschutz - K\u00f6nigliches Forsthaus","isPartOf":{"@id":"https:\/\/www.koenigliches-forsthaus.de\/#website"},"datePublished":"2024-08-05T08:19:22+00:00","breadcrumb":{"@id":"https:\/\/www.koenigliches-forsthaus.de\/?page_id=413#breadcrumb"},"inLanguage":"de","potentialAction":[{"@type":"ReadAction","target":["https:\/\/www.koenigliches-forsthaus.de\/?page_id=413"]}]},{"@type":"BreadcrumbList","@id":"https:\/\/www.koenigliches-forsthaus.de\/?page_id=413#breadcrumb","itemListElement":[{"@type":"ListItem","position":1,"name":"Startseite","item":"https:\/\/www.koenigliches-forsthaus.de\/"},{"@type":"ListItem","position":2,"name":"Datenschutz"}]},{"@type":"WebSite","@id":"https:\/\/www.koenigliches-forsthaus.de\/#website","url":"https:\/\/www.koenigliches-forsthaus.de\/","name":"K\u00f6nigliches Forsthaus","description":"Das Hotel zum ehem. K\u00f6niglich-Bayerischen Forsthaus liegt direkt an der ber\u00fchmten Basilika in Waldsassen im wundersch\u00f6nen Oberpfalz.","publisher":{"@id":"https:\/\/www.koenigliches-forsthaus.de\/#organization"},"potentialAction":[{"@type":"SearchAction","target":{"@type":"EntryPoint","urlTemplate":"https:\/\/www.koenigliches-forsthaus.de\/?s={search_term_string}"},"query-input":{"@type":"PropertyValueSpecification","valueRequired":true,"valueName":"search_term_string"}}],"inLanguage":"de"},{"@type":"Organization","@id":"https:\/\/www.koenigliches-forsthaus.de\/#organization","name":"K\u00f6nigliches Forsthaus","url":"https:\/\/www.koenigliches-forsthaus.de\/","logo":{"@type":"ImageObject","inLanguage":"de","@id":"https:\/\/www.koenigliches-forsthaus.de\/#\/schema\/logo\/image\/","url":"https:\/\/www.koenigliches-forsthaus.de\/wp-content\/uploads\/2024\/08\/favicon.png","contentUrl":"https:\/\/www.koenigliches-forsthaus.de\/wp-content\/uploads\/2024\/08\/favicon.png","width":512,"height":512,"caption":"K\u00f6nigliches Forsthaus"},"image":{"@id":"https:\/\/www.koenigliches-forsthaus.de\/#\/schema\/logo\/image\/"},"sameAs":["https:\/\/www.facebook.com\/p\/Hotel-zum-ehem-Kniglich-bayr-Forsthaus-100057191930624\/"]}]}},"_links":{"self":[{"href":"https:\/\/www.koenigliches-forsthaus.de\/index.php?rest_route=\/wp\/v2\/pages\/413","targetHints":{"allow":["GET"]}}],"collection":[{"href":"https:\/\/www.koenigliches-forsthaus.de\/index.php?rest_route=\/wp\/v2\/pages"}],"about":[{"href":"https:\/\/www.koenigliches-forsthaus.de\/index.php?rest_route=\/wp\/v2\/types\/page"}],"author":[{"embeddable":true,"href":"https:\/\/www.koenigliches-forsthaus.de\/index.php?rest_route=\/wp\/v2\/users\/1"}],"replies":[{"embeddable":true,"href":"https:\/\/www.koenigliches-forsthaus.de\/index.php?rest_route=%2Fwp%2Fv2%2Fcomments&post=413"}],"version-history":[{"count":2,"href":"https:\/\/www.koenigliches-forsthaus.de\/index.php?rest_route=\/wp\/v2\/pages\/413\/revisions"}],"predecessor-version":[{"id":415,"href":"https:\/\/www.koenigliches-forsthaus.de\/index.php?rest_route=\/wp\/v2\/pages\/413\/revisions\/415"}],"wp:attachment":[{"href":"https:\/\/www.koenigliches-forsthaus.de\/index.php?rest_route=%2Fwp%2Fv2%2Fmedia&parent=413"}],"curies":[{"name":"wp","href":"https:\/\/api.w.org\/{rel}","templated":true}]}}